{"id":411,"date":"2014-04-26T11:50:30","date_gmt":"2014-04-26T09:50:30","guid":{"rendered":"http:\/\/www.teamkl.de\/?page_id=411"},"modified":"2014-07-03T08:23:04","modified_gmt":"2014-07-03T06:23:04","slug":"weitere-wohnprojekte","status":"publish","type":"page","link":"https:\/\/www.teamkl.de\/?page_id=411","title":{"rendered":"weitere Wohnprojekte"},"content":{"rendered":"<h2 style=\"line-height: 150%;\"><strong><span style=\"font-family: Arial,serif;\"><span style=\"font-size: medium;\">Weitere Projekte &#8222;Wohn- und B\u00fcrogeb\u00e4ude&#8220;<\/span><\/span><\/strong><\/h2>\n<p style=\"line-height: 150%;\"><span style=\"font-family: Arial,serif;\"><span style=\"font-size: small;\">1992 Wohn- und Gesch\u00e4ftshaus, Friedrichstra\u00dfe 121, Berlin, Neufert Planung<\/span><\/span><\/p>\n<p style=\"line-height: 150%;\"><span style=\"font-family: Arial,serif;\"><span style=\"font-size: small;\">1996 8 Mehrfamilienh\u00e4user + TG, Ewald Hohr Wohnungsbau GmbH, Kaiserstra\u00dfe, K\u00f6ln<\/span><\/span><\/p>\n<p style=\"line-height: 150%;\"><span style=\"font-family: Arial,serif;\"><span style=\"font-size: small;\">1997 6 Mehrfamilienh\u00e4user + TG, Ewald Hohr Wohnungsbau GmbH, Kaiserstra\u00dfe, K\u00f6ln<\/span><\/span><\/p>\n<p style=\"line-height: 150%;\"><span style=\"font-family: Arial,serif;\"><span style=\"font-size: small;\">1997 Stahlbetonkeller f\u00fcr ein EFH, Japan, Bauherr: Herr Nakamura, Architektur: Detlef Stephan<\/span><\/span><\/p>\n<p style=\"line-height: 150%;\"><span style=\"font-family: Arial,serif;\"><span style=\"font-size: small;\">1997 Neubau 42 WE,<\/span><\/span> <span style=\"font-family: Arial,serif;\"><span style=\"font-size: small;\">Rheinische Beamten-Baugesellschaft mbH, Alemannenstra\u00dfe, K\u00f6ln-Deutz<\/span><\/span><\/p>\n<p style=\"line-height: 150%;\"><span style=\"font-family: Arial,serif;\"><span style=\"font-size: small;\">1998 Wohnbebauung, Cosmarstra\u00dfe, Gotha, Planungs AG Neufert Mittmann Graf Partner<\/span><\/span><\/p>\n<p style=\"line-height: 150%;\"><span style=\"font-family: Arial,serif;\"><span style=\"font-size: small;\">1999 B\u00fcrogeb\u00e4ude Business-Park, Haus 4+5, Rodenkirchen<\/span><\/span><\/p>\n<p style=\"line-height: 150%;\"><span style=\"font-family: Arial,serif;\"><span style=\"font-size: small;\">2001 B\u00fcrogeb\u00e4ude, Business-Park-Rodenkirchen<\/span><\/span><\/p>\n<p style=\"margin-right: -1.25cm; line-height: 150%;\"><span style=\"font-family: Arial,serif;\"><span style=\"font-size: small;\">2002 MFH, K\u00f6ln-Zollstock, Bauherr: Ute Rei\u00dfdorf + Dr. Landskron-Rei\u00dfdorf, Moersch+W\u00fcrfel Architekten<\/span><\/span><\/p>\n<p style=\"margin-right: -1.25cm; line-height: 150%;\"><span style=\"font-family: Arial,serif;\"><span style=\"font-size: small;\">2002 Neubau 30 Reihenh\u00e4user (EFH), K\u00f6ln-D\u00fcnnwald, Architektur: Urmetzer + Schiefer<\/span><\/span><\/p>\n<p style=\"line-height: 150%;\"><span style=\"font-family: Arial,serif;\"><span style=\"font-size: small;\">2003 Wohnanlage Odenthal-Eikamp, Hauser-Architekten<\/span><\/span><\/p>\n<p style=\"line-height: 150%;\"><span style=\"font-family: Arial,serif;\"><span style=\"font-size: small;\">2006 Wohn- und Gesch\u00e4ftshaus, Ringstra\u00dfe, K\u00f6ln-Rodenkirchen, JSWD-Architekten<\/span><\/span><\/p>\n<p style=\"line-height: 150%;\"><span style=\"font-family: Arial,serif;\"><span style=\"font-size: small;\">2006 MFH + TG, Friedingstra\u00dfe, D\u00fcsseldorf, Architektur: Urmetzer + Schiefer<\/span><\/span><\/p>\n<p style=\"line-height: 150%;\"><span style=\"font-family: Arial,serif;\"><span style=\"font-size: small;\">2007 5 Mehrfamilienh\u00e4user mit 41 WE + TG, Kniprodesstra\u00dfe, K\u00f6ln, Architektur: Urmetzer + Schiefer<\/span><\/span><\/p>\n<p style=\"line-height: 150%;\"><span style=\"font-family: Arial,serif;\"><span style=\"font-size: small;\">2008 Wohn- und Gesch\u00e4ftshaus, Horremer Stra\u00dfe, Neuss, Luczak Architekten<\/span><\/span><\/p>\n<p style=\"line-height: 150%;\"><span style=\"font-family: Arial,serif;\"><span style=\"font-size: small;\">2008 MFH, Robert-Koch-Stra\u00dfe, K\u00f6ln, Architekten Moersch + W\u00fcrfel GbR<\/span><\/span><\/p>\n<p style=\"line-height: 150%;\"><span style=\"font-family: Arial,serif;\"><span style=\"font-size: small;\">2008 EFH, Unter den Ulmen, K\u00f6ln-Marienburg, Architektur Anja Bergk<\/span><\/span><\/p>\n<p style=\"line-height: 150%;\"><span style=\"font-family: Arial,serif;\"><span style=\"font-size: small;\">2008 EFH, Siegweg, Lindlar, Bonfanti Architekten, Wiehl<\/span><\/span><\/p>\n<p style=\"line-height: 150%;\"><span style=\"font-family: Arial,serif;\"><span style=\"font-size: small;\">2010 Stadth\u00e4user, Wilhelmstra\u00dfe, K\u00f6ln, Architektur Urmetzer + Schiefer <\/span><\/span><\/p>\n<p style=\"line-height: 150%;\"><span style=\"font-family: Arial,serif;\"><span style=\"font-size: small;\">2010 EFH \u201eHaus Z\u201c, Auenviertel in K\u00f6ln, JSWD-Architekten<\/span><\/span><\/p>\n<p style=\"line-height: 150%;\"><span style=\"font-family: Arial,serif;\"><span style=\"font-size: small;\">2011 MFH mit 14 Wohneinheiten + TG, KEGA-Baugruppe, Pannhausen Architektur <\/span><\/span><\/p>\n<p style=\"line-height: 150%;\"><a name=\"_GoBack\"><\/a><span style=\"font-family: Arial,serif;\"><span style=\"font-size: small;\">2013 MFH, Mohnweg, K\u00f6ln, Architekt Detlef Bahr<\/span><\/span><\/p>\n<p style=\"line-height: 150%;\"><span style=\"font-family: Arial,serif;\"><span style=\"font-size: small;\">2013 Familienhaus Bornheim, Rheinische Beamten-Baugesellschaft mbH<\/span><\/span><\/p>\n","protected":false},"excerpt":{"rendered":"<p>Weitere Projekte &#8222;Wohn- und B\u00fcrogeb\u00e4ude&#8220; 1992 Wohn- und Gesch\u00e4ftshaus, Friedrichstra\u00dfe 121, Berlin, Neufert Planung 1996 8 Mehrfamilienh\u00e4user + TG, Ewald Hohr Wohnungsbau GmbH, Kaiserstra\u00dfe, K\u00f6ln 1997 6 Mehrfamilienh\u00e4user + TG, Ewald Hohr Wohnungsbau GmbH, Kaiserstra\u00dfe, K\u00f6ln 1997 Stahlbetonkeller f\u00fcr ein EFH, Japan, Bauherr: Herr Nakamura, Architektur: Detlef Stephan 1997 Neubau 42 WE, Rheinische Beamten-Baugesellschaft mbH, [&hellip;]<\/p>\n","protected":false},"author":1,"featured_media":0,"parent":321,"menu_order":449999,"comment_status":"closed","ping_status":"closed","template":"","meta":[],"_links":{"self":[{"href":"https:\/\/www.teamkl.de\/index.php?rest_route=\/wp\/v2\/pages\/411"}],"collection":[{"href":"https:\/\/www.teamkl.de\/index.php?rest_route=\/wp\/v2\/pages"}],"about":[{"href":"https:\/\/www.teamkl.de\/index.php?rest_route=\/wp\/v2\/types\/page"}],"author":[{"embeddable":true,"href":"https:\/\/www.teamkl.de\/index.php?rest_route=\/wp\/v2\/users\/1"}],"replies":[{"embeddable":true,"href":"https:\/\/www.teamkl.de\/index.php?rest_route=%2Fwp%2Fv2%2Fcomments&post=411"}],"version-history":[{"count":4,"href":"https:\/\/www.teamkl.de\/index.php?rest_route=\/wp\/v2\/pages\/411\/revisions"}],"predecessor-version":[{"id":913,"href":"https:\/\/www.teamkl.de\/index.php?rest_route=\/wp\/v2\/pages\/411\/revisions\/913"}],"up":[{"embeddable":true,"href":"https:\/\/www.teamkl.de\/index.php?rest_route=\/wp\/v2\/pages\/321"}],"wp:attachment":[{"href":"https:\/\/www.teamkl.de\/index.php?rest_route=%2Fwp%2Fv2%2Fmedia&parent=411"}],"curies":[{"name":"wp","href":"https:\/\/api.w.org\/{rel}","templated":true}]}}