{"id":407,"date":"2014-04-26T11:48:43","date_gmt":"2014-04-26T09:48:43","guid":{"rendered":"http:\/\/www.teamkl.de\/?page_id=407"},"modified":"2014-07-07T08:59:17","modified_gmt":"2014-07-07T06:59:17","slug":"weitere-projekte-revital","status":"publish","type":"page","link":"https:\/\/www.teamkl.de\/?page_id=407","title":{"rendered":"weitere Projekte Revitalisierung"},"content":{"rendered":"<h2 style=\"line-height: 150%;\"><span style=\"color: #000000;\"><span style=\"font-size: large;\"><b><span style=\"font-family: Arial,serif;\">Weitere Projekte \u201eRevitalisierung\u201c<\/span><\/b><\/span><\/span><\/h2>\n<p style=\"line-height: 150%;\"><span style=\"color: #000000;\"><span style=\"font-family: Arial,serif;\"><span style=\"font-size: small;\">1995 Umbau Sparda-Bank, Gesch\u00e4ftsstelle K\u00f6ln-Deutz<\/span><\/span><\/span><\/p>\n<p style=\"line-height: 150%;\"><span style=\"color: #000000;\"><span style=\"font-family: Arial,serif;\"><span style=\"font-size: small;\">1996 Umbau vom Gesch\u00e4ftshaus, Schildergasse 24-30, K\u00f6ln<\/span><\/span><\/span><\/p>\n<p style=\"line-height: 150%;\"><span style=\"color: #000000;\"><span style=\"font-family: Arial,serif;\"><span style=\"font-size: small;\">1997 Umbau Seniorenheim, SBK, Architektur W. Diercks<\/span><\/span><\/span><\/p>\n<p style=\"line-height: 150%;\"><span style=\"color: #000000;\"><span style=\"font-family: Arial,serif;\"><span style=\"font-size: small;\">1997 Umbau Hauptverwaltung Sparda-Bank, Riehler Stra\u00dfe, K\u00f6ln<\/span><\/span><\/span><\/p>\n<p style=\"line-height: 150%;\"><span style=\"color: #000000;\"><span style=\"font-family: Arial,serif;\"><span style=\"font-size: small;\">1999 Umbau Lint Hotel, Lintgasse 7, K\u00f6ln<\/span><\/span><\/span><\/p>\n<p style=\"line-height: 150%;\"><span style=\"color: #000000;\"><span style=\"font-family: Arial,serif;\"><span style=\"font-size: small;\">2002 Umbau Kassenhalle, AOK-Rheinland, K\u00f6ln<\/span><\/span><\/span><\/p>\n<p style=\"line-height: 150%;\"><span style=\"color: #000000;\"><span style=\"font-family: Arial,serif;\"><span style=\"font-size: small;\">2004 Umbau ehemalige Brotfabrik, Auf dem Berlich, K\u00f6ln<\/span><\/span><\/span><\/p>\n<p style=\"line-height: 150%;\"><span style=\"color: #000000;\"><span style=\"font-family: Arial,serif;\"><span style=\"font-size: small;\">2004 Sanierung + Ausbau von 6 Mehrfamilienh\u00e4usern, Schneider-Clauss-Stra\u00dfe, K\u00f6ln<\/span><\/span><\/span><\/p>\n<p style=\"line-height: 150%;\"><span style=\"color: #000000;\"><span style=\"font-family: Arial,serif;\"><span style=\"font-size: small;\">2006 Sanierung + Ausbau von 3 Mehrfamilienh\u00e4usern, Z\u00fclpicherstra\u00dfe, K\u00f6ln<\/span><\/span><\/span><\/p>\n<p style=\"line-height: 150%;\"><span style=\"color: #000000;\"><span style=\"font-family: Arial,serif;\"><span style=\"font-size: small;\">2006 Umbau Scheune zu Gesch\u00e4ftshaus, Neuss<\/span><\/span><\/span><\/p>\n<p style=\"line-height: 150%;\"><span style=\"color: #000000;\"><span style=\"font-family: Arial,serif;\"><span style=\"font-size: small;\">2006 Um- und Anbau Mehrfamilienhaus, Lessingstra\u00dfe, K\u00f6ln<\/span><\/span><\/span><\/p>\n<p style=\"line-height: 150%;\"><span style=\"color: #000000;\"><span style=\"font-family: Arial,serif;\"><span style=\"font-size: small;\">2006 Aufstockung + Umbau Dachkonstruktion, Ursulagartenstra\u00dfe, K\u00f6ln<\/span><\/span><\/span><\/p>\n<p style=\"line-height: 150%;\"><span style=\"color: #000000;\"><span style=\"font-family: Arial,serif;\"><span style=\"font-size: small;\">2007 Umbau Dachkonstruktion + Neubau Balkonanlage, Metzerstra\u00dfe, K\u00f6ln<\/span><\/span><\/span><\/p>\n<p style=\"line-height: 150%;\"><span style=\"color: #000000;\"><span style=\"font-family: Arial,serif;\"><span style=\"font-size: small;\">2007 Aufstockung Dachkonstruktion von 3 Mehrfamilienh\u00e4usern, Frankenthaler-Stra\u00dfe, K\u00f6ln<\/span><\/span><\/span><\/p>\n<p style=\"line-height: 150%;\"><span style=\"color: #000000;\"><span style=\"font-family: Arial,serif;\"><span style=\"font-size: small;\">2007 Umbau + Aufstockung DG, Klingelp\u00fctz 29, K\u00f6ln, Luczak Architekten<\/span><\/span><\/span><\/p>\n<p style=\"line-height: 150%;\"><span style=\"color: #000000;\"><span style=\"font-family: Arial,serif;\"><span style=\"font-size: small;\">2008 Umbau Gesch\u00e4ftshaus AOK Leverkusen, Stephan-Architekten<\/span><\/span><\/span><\/p>\n<p style=\"line-height: 150%;\"><span style=\"color: #000000;\"><span style=\"font-family: Arial,serif;\"><span style=\"font-size: small;\">2008 Umbau + Erweiterung B\u00fcrogeb\u00e4ude DEHOGA-CENTER, Neuss<\/span><\/span><\/span><\/p>\n<p style=\"line-height: 150%;\"><span style=\"color: #000000;\"><span style=\"font-family: Arial,serif;\"><span style=\"font-size: small;\">2008 Aufstockung DG, Klosterstra\u00dfe K\u00f6ln, Architekt Rainer Hirschel<\/span><\/span><\/span><\/p>\n<p style=\"line-height: 150%;\"><span style=\"color: #000000;\"><span style=\"font-family: Arial,serif;\"><span style=\"font-size: small;\">2008 Um- und Anbau Mehrfamilienhaus, Severinstra\u00dfe, K\u00f6ln, Bauherr: Dr. Landskron-Reissdorf<\/span><\/span><\/span><\/p>\n<p style=\"line-height: 150%;\"><span style=\"color: #000000;\"><span style=\"font-family: Arial,serif;\"><span style=\"font-size: small;\">2009 Umbau + Erweiterung B\u00fcrohaus, Stolbergerstra\u00dfe 90d, K\u00f6ln<\/span><\/span><\/span><\/p>\n<p style=\"line-height: 150%;\"><span style=\"color: #000000;\"><span style=\"font-family: Arial,serif;\"><span style=\"font-size: small;\">2009 Umbau MFH + Neubau Balkonanlage,<\/span><\/span> <span style=\"font-family: Arial,serif;\"><span style=\"font-size: small;\">Rheinische Beamten-Baugesellschaft mbH, Adalbertstrasse 4-12, K\u00f6ln<\/span><\/span><\/span><\/p>\n<p style=\"line-height: 150%;\"><span style=\"color: #000000;\"><span style=\"font-family: Arial,serif;\"><span style=\"font-size: small;\">2009 Neubau Balkonanlage, Rheinische Beamten-Baugesellschaft mbH, Theresienau, Bonn-Oberkassel 2010 Sanierung historisches Schulgeb\u00e4ude, K\u00f6ln-Porz, Luczak Architekten<\/span><\/span><\/span><\/p>\n<p style=\"line-height: 150%;\"><span style=\"color: #000000;\"><span style=\"font-family: Arial,serif;\"><span style=\"font-size: small;\">2011 Neubau Balkonanlage<\/span><\/span> <span style=\"font-family: Arial,serif;\"><span style=\"font-size: small;\">GAG, Dortmunder Stra\u00dfe 27-35, K\u00f6ln <\/span><\/span><\/span><\/p>\n<p style=\"line-height: 150%;\"><span style=\"color: #000000;\"><span style=\"font-family: Arial,serif;\"><span style=\"font-size: small;\">2012 Umbau + Aufstockung MFH,<\/span><\/span> <span style=\"font-family: Arial,serif;\"><span style=\"font-size: small;\">Rheinische Beamten-Baugesellschaft mbH, Marsenstr. 2+4+6, K\u00f6ln <\/span><\/span><\/span><\/p>\n<p style=\"line-height: 150%;\"><span style=\"color: #000000;\"><span style=\"font-family: Arial,serif;\"><span style=\"font-size: small;\">2013 Umbau + Erweiterung MFH, GAG, Senefelder Stra\u00dfe 44+46+48, K\u00f6ln<\/span><\/span><\/span><\/p>\n<p style=\"line-height: 150%;\"><span style=\"color: #000000;\"><span style=\"font-family: Arial,serif;\"><span style=\"font-size: small;\">Umbau + Aufstockung von mehr als 30 Dachkonstruktionen<\/span><\/span><\/span><\/p>\n<p style=\"line-height: 150%;\"><span style=\"color: #000000;\"><span style=\"font-family: Arial,serif;\"><span style=\"font-size: small;\">Nachweis und Ausf\u00fchrungsplanung von \u00fcber 200 Umbauma\u00dfnahmen<\/span><\/span><\/span><\/p>\n","protected":false},"excerpt":{"rendered":"<p>Weitere Projekte \u201eRevitalisierung\u201c 1995 Umbau Sparda-Bank, Gesch\u00e4ftsstelle K\u00f6ln-Deutz 1996 Umbau vom Gesch\u00e4ftshaus, Schildergasse 24-30, K\u00f6ln 1997 Umbau Seniorenheim, SBK, Architektur W. Diercks 1997 Umbau Hauptverwaltung Sparda-Bank, Riehler Stra\u00dfe, K\u00f6ln 1999 Umbau Lint Hotel, Lintgasse 7, K\u00f6ln 2002 Umbau Kassenhalle, AOK-Rheinland, K\u00f6ln 2004 Umbau ehemalige Brotfabrik, Auf dem Berlich, K\u00f6ln 2004 Sanierung + Ausbau von 6 [&hellip;]<\/p>\n","protected":false},"author":1,"featured_media":0,"parent":317,"menu_order":429999,"comment_status":"closed","ping_status":"closed","template":"","meta":[],"_links":{"self":[{"href":"https:\/\/www.teamkl.de\/index.php?rest_route=\/wp\/v2\/pages\/407"}],"collection":[{"href":"https:\/\/www.teamkl.de\/index.php?rest_route=\/wp\/v2\/pages"}],"about":[{"href":"https:\/\/www.teamkl.de\/index.php?rest_route=\/wp\/v2\/types\/page"}],"author":[{"embeddable":true,"href":"https:\/\/www.teamkl.de\/index.php?rest_route=\/wp\/v2\/users\/1"}],"replies":[{"embeddable":true,"href":"https:\/\/www.teamkl.de\/index.php?rest_route=%2Fwp%2Fv2%2Fcomments&post=407"}],"version-history":[{"count":7,"href":"https:\/\/www.teamkl.de\/index.php?rest_route=\/wp\/v2\/pages\/407\/revisions"}],"predecessor-version":[{"id":974,"href":"https:\/\/www.teamkl.de\/index.php?rest_route=\/wp\/v2\/pages\/407\/revisions\/974"}],"up":[{"embeddable":true,"href":"https:\/\/www.teamkl.de\/index.php?rest_route=\/wp\/v2\/pages\/317"}],"wp:attachment":[{"href":"https:\/\/www.teamkl.de\/index.php?rest_route=%2Fwp%2Fv2%2Fmedia&parent=407"}],"curies":[{"name":"wp","href":"https:\/\/api.w.org\/{rel}","templated":true}]}}