{"id":381,"date":"2014-04-26T11:33:24","date_gmt":"2014-04-26T09:33:24","guid":{"rendered":"http:\/\/www.teamkl.de\/?page_id=381"},"modified":"2015-01-09T19:44:25","modified_gmt":"2015-01-09T17:44:25","slug":"oeffentliche-bauten","status":"publish","type":"page","link":"https:\/\/www.teamkl.de\/?page_id=381","title":{"rendered":"\u00d6ffentliche Bauten"},"content":{"rendered":"<p>&nbsp;<\/p>\n<h2><span style=\"text-decoration: underline;\"><span style=\"color: #000000; text-decoration: underline;\">Referenzobjekte &#8222;\u00d6ffentliche Bauten&#8220;<\/span><br \/>\n<\/span><\/h2>\n<p>&nbsp;<\/p>\n<table border=\"0\" width=\"100%\" cellspacing=\"0\" cellpadding=\"0\">\n<tbody>\n<tr valign=\"TOP\">\n<td width=\"50%\"><a href=\"http:\/\/www.teamkl.de\/wp-content\/uploads\/2014\/04\/1725-011.jpg\"><img decoding=\"async\" loading=\"lazy\" class=\"aligncenter size-thumbnail wp-image-1101\" src=\"http:\/\/www.teamkl.de\/wp-content\/uploads\/2014\/04\/1725-011-150x150.jpg\" alt=\"1725-01\" width=\"150\" height=\"150\" \/><\/a><\/td>\n<td width=\"50%\">\n<h2><a title=\"1725 Altenheim Lohmar\" href=\"http:\/\/www.teamkl.de\/?page_id=388\" target=\"_blank\"><span style=\"font-family: Arial,serif; color: #000000;\"><span style=\"font-size: large;\"><b>SENIORENHEIM LOHMAR<\/b><\/span><\/span><\/a><\/h2>\n<p><span style=\"font-family: Arial,serif;\"><span style=\"font-size: large;\">Neubau in 2 Bauabschnitten <\/span><\/span><\/p>\n<p style=\"margin-top: 0.42cm;\">\n<\/td>\n<\/tr>\n<tr valign=\"TOP\">\n<td width=\"50%\"><a href=\"http:\/\/www.teamkl.de\/wp-content\/uploads\/2014\/04\/1647-03.jpg\"><img decoding=\"async\" loading=\"lazy\" class=\"aligncenter size-thumbnail wp-image-648\" src=\"http:\/\/www.teamkl.de\/wp-content\/uploads\/2014\/04\/1647-03-150x150.jpg\" alt=\"D:DCIM100DICAMDSCI0016.JPG\" width=\"150\" height=\"150\" \/><\/a><\/td>\n<td width=\"50%\">\n<h2 style=\"margin-top: 0.42cm;\"><span style=\"color: #000000;\"><a href=\"http:\/\/www.teamkl.de\/?page_id=386\" target=\"_blank\"><span style=\"font-family: Arial,serif; color: #000000;\"><span style=\"font-size: large;\"><b>B\u00dcRGERB\u00dcRO ERFTSTADT-LECHENICH<\/b><\/span><\/span><\/a><\/span><\/h2>\n<p><span style=\"font-family: Arial,serif;\"><span style=\"font-size: large;\">Neubau eines B\u00fcrgerb\u00fcros in Sichtbeton <\/span><\/span><\/td>\n<\/tr>\n<tr valign=\"TOP\">\n<td width=\"50%\"><a href=\"http:\/\/www.teamkl.de\/wp-content\/uploads\/2014\/04\/1303-02.jpg\"><img decoding=\"async\" loading=\"lazy\" class=\"aligncenter size-thumbnail wp-image-636\" src=\"http:\/\/www.teamkl.de\/wp-content\/uploads\/2014\/04\/1303-02-150x150.jpg\" alt=\"1303-02\" width=\"150\" height=\"150\" \/><\/a><\/td>\n<td width=\"50%\">\n<h2 style=\"margin-top: 0.42cm;\"><span style=\"color: #000000;\"><a href=\"http:\/\/www.teamkl.de\/?page_id=384\" target=\"_blank\"><span style=\"font-family: Arial,serif; color: #000000;\"><span style=\"font-size: large;\"><b>SPORTHALLE D\u00dcLMEN<\/b><\/span><\/span><\/a><\/span><\/h2>\n<p><span style=\"font-family: Arial,serif;\"><span style=\"font-size: large;\">Neubau einer Sporthalle, Stahl- Holzkonstruktion<\/span><\/span><\/td>\n<\/tr>\n<tr valign=\"TOP\">\n<td width=\"50%\">\u00a0<a href=\"http:\/\/www.teamkl.de\/wp-content\/uploads\/2014\/04\/1178a-02.jpg\"><img decoding=\"async\" loading=\"lazy\" class=\"aligncenter size-thumbnail wp-image-1075\" src=\"http:\/\/www.teamkl.de\/wp-content\/uploads\/2014\/04\/1178a-02-150x150.jpg\" alt=\"1178a-02\" width=\"150\" height=\"150\" \/><\/a><\/td>\n<td width=\"50%\">\n<h2 style=\"margin-top: 0.42cm;\"><a title=\"1178 Umbau Altenheim, Wahlscheid\" href=\"http:\/\/www.teamkl.de\/?page_id=1059\" target=\"_blank\"><span style=\"color: #000000;\"><span style=\"font-family: Arial,serif; color: #000000;\"><span style=\"font-size: large;\"><b>ALTENHEIM WAHLSCHEID<\/b><\/span><\/span><\/span><\/a><\/h2>\n<p><span style=\"font-family: Arial,serif;\"><span style=\"font-size: large;\">Seniorenheim, Umbau in 2 Bauabschnitten<br \/>\n<\/span><\/span><\/td>\n<\/tr>\n<tr valign=\"TOP\">\n<td width=\"50%\"><a href=\"http:\/\/www.teamkl.de\/wp-content\/uploads\/2014\/04\/1178-02-Aufzug1.jpg\"><img decoding=\"async\" loading=\"lazy\" class=\"aligncenter size-thumbnail wp-image-1076\" src=\"http:\/\/www.teamkl.de\/wp-content\/uploads\/2014\/04\/1178-02-Aufzug1-150x150.jpg\" alt=\"??????????\" width=\"150\" height=\"150\" \/><\/a><\/td>\n<td width=\"50%\">\n<h2 style=\"margin-top: 0.42cm;\"><span style=\"color: #000000;\"><a title=\"1178a Aufzug Altenheim Wahlscheid\" href=\"http:\/\/www.teamkl.de\/?page_id=390\" target=\"_blank\"><span style=\"font-family: Arial,serif; color: #000000;\"><span style=\"font-size: large;\"><b>ALTENHEIM WAHLSCHEID<\/b><\/span><\/span><\/a><\/span><\/h2>\n<p><span style=\"font-family: Arial,serif;\"><span style=\"font-size: large;\">Erg\u00e4nzung Aufzug<br \/>\n<\/span><\/span><\/p>\n<p style=\"margin-top: 0.42cm;\">\n<\/td>\n<\/tr>\n<tr valign=\"TOP\">\n<td width=\"50%\"><\/td>\n<td width=\"50%\">\n<h2 style=\"margin-top: 0.42cm;\"><a title=\"Weitere \u00f6ffentliche Projekte\" href=\"http:\/\/www.teamkl.de\/?page_id=404\" target=\"_blank\"><span style=\"color: #000000;\"><span style=\"font-family: Arial,serif; color: #000000;\"><span style=\"font-size: large;\"><b>Weitere Projekte ausdem Bereich &#8222;\u00f6ffenliche Geb\u00e4ude&#8220;<\/b><\/span><\/span><\/span><\/a><\/h2>\n<\/td>\n<\/tr>\n<tr valign=\"TOP\">\n<td width=\"50%\"><\/td>\n<td width=\"50%\"><\/td>\n<\/tr>\n<tr valign=\"TOP\">\n<td width=\"50%\"><\/td>\n<td width=\"50%\"><\/td>\n<\/tr>\n<\/tbody>\n<\/table>\n<p>&nbsp;<\/p>\n","protected":false},"excerpt":{"rendered":"<p>&nbsp; Referenzobjekte &#8222;\u00d6ffentliche Bauten&#8220; &nbsp; SENIORENHEIM LOHMAR Neubau in 2 Bauabschnitten B\u00dcRGERB\u00dcRO ERFTSTADT-LECHENICH Neubau eines B\u00fcrgerb\u00fcros in Sichtbeton SPORTHALLE D\u00dcLMEN Neubau einer Sporthalle, Stahl- Holzkonstruktion \u00a0 ALTENHEIM WAHLSCHEID Seniorenheim, Umbau in 2 Bauabschnitten ALTENHEIM WAHLSCHEID Erg\u00e4nzung Aufzug Weitere Projekte ausdem Bereich &#8222;\u00f6ffenliche Geb\u00e4ude&#8220; &nbsp;<\/p>\n","protected":false},"author":1,"featured_media":0,"parent":33,"menu_order":400000,"comment_status":"closed","ping_status":"closed","template":"","meta":[],"_links":{"self":[{"href":"https:\/\/www.teamkl.de\/index.php?rest_route=\/wp\/v2\/pages\/381"}],"collection":[{"href":"https:\/\/www.teamkl.de\/index.php?rest_route=\/wp\/v2\/pages"}],"about":[{"href":"https:\/\/www.teamkl.de\/index.php?rest_route=\/wp\/v2\/types\/page"}],"author":[{"embeddable":true,"href":"https:\/\/www.teamkl.de\/index.php?rest_route=\/wp\/v2\/users\/1"}],"replies":[{"embeddable":true,"href":"https:\/\/www.teamkl.de\/index.php?rest_route=%2Fwp%2Fv2%2Fcomments&post=381"}],"version-history":[{"count":48,"href":"https:\/\/www.teamkl.de\/index.php?rest_route=\/wp\/v2\/pages\/381\/revisions"}],"predecessor-version":[{"id":1166,"href":"https:\/\/www.teamkl.de\/index.php?rest_route=\/wp\/v2\/pages\/381\/revisions\/1166"}],"up":[{"embeddable":true,"href":"https:\/\/www.teamkl.de\/index.php?rest_route=\/wp\/v2\/pages\/33"}],"wp:attachment":[{"href":"https:\/\/www.teamkl.de\/index.php?rest_route=%2Fwp%2Fv2%2Fmedia&parent=381"}],"curies":[{"name":"wp","href":"https:\/\/api.w.org\/{rel}","templated":true}]}}